2*h**2 + 8*h - 130. Give k(9).
-220
Let l(q) = 2943*q - 26488. Give l(9).
-1
Let o(z) = z**2 - 39*z - 3127. What is o(-40)?
33
Let f(o) = 4*o + 67. Calculate f(15).
127
Let q(i) = -268*i - 908. Calculate q(-4).
164
Let v(i) = 160*i**3 + 38*i**2 + 39*i. Calculate v(-1).
-161
Let r(h) = -9*h - 503. Give r(-33).
-206
Let d(x) = -526*x - 1111. Calculate d(-2).
-59
Let x(v) = -12*v**2 + 60*v - 42. What is x(4)?
6
Let q(n) = -2*n - 34. Give q(-34).
34
Let l(w) = 8*w + 46. Calculate l(15).
166
Let l(z) = 2*z**2 + 132*z - 38141. Calculate l(-175).
9
Let h(c) = -12*c - 358. What is h(-21)?
-106
Let m(p) = -16*p**3 - 1883*p**2 + 589*p - 104. Determine m(-118).
14
Let s(i) = -i**3 + 18*i**2 - 8*i - 37. Calculate s(18).
-181
Let q(l) = -l**2 + 90*l + 174. Calculate q(85).
599
Let t(l) = l**3 + 71*l**2 + 67*l - 198. Calculate t(-70).
12
Let q(f) = -5*f**2 + 65*f - 204. Determine q(4).
-24
Let v(o) = -o**3 + 24*o**2 - 61*o + 7. What is v(21)?
49
Let h(y) = y**3 - 72*y**2 - 57*y - 1193. Determine h(73).
-25
Let k(d) = d**3 + 12*d**2 - 162*d + 17. What is k(8)?
1
Let k(s) = s**2 - 375*s - 3. Determine k(0).
-3
Let g(u) = -31*u + 95. Determine g(6).
-91
Let m(f) = 8*f**2 + 509*f - 183. What is m(-64)?
9
Let a(r) = r**3 - 23*r**2 - 21*r + 48. Determine a(24).
120
Let r(i) = -2*i**2 + 10*i + 20. Calculate r(8).
-28
Let t(d) = -30*d + 115. What is t(5)?
-35
Let j(n) = -n**2 + 4*n + 22189. Give j(151).
-8
Let s(j) = -j**3 + 273*j**2 - 17219*j - 1220. Determine s(174).
-2
Let o(r) = -r**3 + 35*r**2 - 192*r + 18. Give o(7).
46
Let a(l) = -5*l + 102. Calculate a(10).
52
Let n(o) = 5*o**3 - 41*o**2 + 25*o + 7. Calculate n(7).
-112
Let r(z) = -2*z**2 + 85*z - 384. Determine r(32).
288
Let p(f) = f**3 + 58*f**2 - 61*f - 118. Determine p(-59).
0
Let c(z) = -z**2 - 76*z - 772. Give c(-13).
47
Let i(m) = m**2 + 55*m + 330. Determine i(-48).
-6
Let t(y) = 957*y + 2784. What is t(-3)?
-87
Let m(k) = -k**3 - 5*k**2 + 4*k - 14. Calculate m(-6).
-2
Let o(v) = -v**3 + 29*v**2 + 54*v + 250. What is o(31)?
2
Let z(y) = 5*y**2 + 106*y + 49. Determine z(-21).
28
Let z(r) = -2*r**3 + 34*r**2 + 38*r - 1456. Calculate z(15).
14
Let o(l) = -110*l + 4278. What is o(39)?
-12
Let c(u) = 314*u - 2222. Give c(7).
-24
Let i(j) = -27942*j - 363246. What is i(-13)?
0
Let g(l) = -21*l**2 + 2*l + 6. Determine g(2).
-74
Let f(n) = n**2 - 4*n - 40. Give f(9).
5
Let q(a) = -a**3 - 6*a**2 - 22*a - 94. Give q(-7).
109
Let z(l) = -850*l - 3404. Determine z(-4).
-4
Let q(o) = 217*o + 11073. Give q(-51).
6
Let v(c) = -38*c + 598. Give v(22).
-238
Let d(n) = -2*n**2 - 61*n - 89. Calculate d(-27).
100
Let k(s) = -s**3 + 60*s**2 + 252*s - 9. Give k(-4).
7
Let w(a) = a**2 + 26*a. Give w(-12).
-168
Let j(u) = -u**3 + 7*u**2 + 16*u - 30. What is j(10)?
-170
Let n(y) = y**2 + 30*y + 75. Give n(-27).
-6
Let r(k) = 74*k - 3618. Calculate r(49).
8
Let g(d) = 450*d - 2192. Determine g(5).
58
Let u(i) = i**2 - 634*i - 25529. Calculate u(-38).
7
Let l(u) = 9*u + 106. Determine l(-15).
-29
Let f(i) = -3*i**2 + 90*i + 718. Calculate f(37).
-59
Let n(k) = -k**2 + 24*k - 87. Give n(17).
32
Let o(r) = r**3 - 14*r**2 - 509*r - 3. Give o(-17).
-309
Let d(f) = 580*f - 12724. Give d(22).
36
Let b(q) = -5*q + 88. Calculate b(-27).
223
Let t(h) = -774*h + 6169. Determine t(8).
-23
Let o(p) = 8*p**2 + 2806*p - 9209. Calculate o(-354).
-5
Let y(d) = -4*d**3 + 27*d**2 - 3*d + 58. Give y(7).
-12
Let q(m) = -55*m - 1824. Give q(-33).
-9
Let c(o) = 2568*o + 97580. What is c(-38)?
-4
Let j(m) = -m**3 - 39*m**2 + 227*m + 4244. Give j(-42).
2
Let r(y) = -10*y**2 - 43*y + 195. Give r(-7).
6
Let c(f) = -12*f**3 + 154*f**2 + 21*f + 63. Give c(13).
-2
Let g(m) = -4*m + 280. Calculate g(-15).
340
Let b(j) = 234*j + 1863. Calculate b(-8).
-9
Let d(m) = -3*m**2 - 16*m - 32. Calculate d(-5).
-27
Let l(o) = 2*o**2 - 49*o + 87. Determine l(2).
-3
Let g(a) = 52*a - 212. Calculate g(4).
-4
Let v(p) = -4*p**3 + 48*p**2 - 104*p + 222. Determine v(10).
-18
Let r(a) = -5352*a - 58874. What is r(-11)?
-2
Let u(n) = n**2 + 48*n + 206. What is u(-42)?
-46
Let o(g) = -g**3 - 20*g**2 - 101*g + 9. Calculate o(-12).
69
Let g(j) = -71*j + 5315. Calculate g(75).
-10
Let a(y) = y**2 + 39*y - 688. Determine a(13).
-12
Let k(g) = -g**3 - 6*g**2 - 21*g - 51. Calculate k(-7).
145
Let p(h) = 128*h + 4069. What is p(-32)?
-27
Let o(c) = -12*c**2 + 2*c + 17. Calculate o(0).
17
Let v(b) = 222*b - 2002. Give v(9).
-4
Let d(p) = 178*p + 6238. Give d(-35).
8
Let p(r) = -47*r - 1749. Give p(-40).
131
Let g(m) = -4*m**2 - 105*m - 287. Calculate g(-3).
-8
Let m(d) = 24*d - 124. What is m(6)?
20
Let x(t) = t**3 - 3*t**2 - 7*t + 4. Give x(5).
19
Let v(q) = q**3 + 3*q**2 + 12*q + 7. Give v(-8).
-409
Let s(y) = -3*y**3 - 41*y**2 - 56*y - 21. What is s(-12)?
-69
Let u(w) = 841*w + 14. Give u(0).
14
Let x(a) = 65*a - 5883. Calculate x(90).
-33
Let q(t) = 745*t - 4471. Determine q(6).
-1
Let p(u) = -10*u - 130. What is p(-14)?
10
Let r(n) = -20*n**2 - 8*n - 8. Calculate r(-1).
-20
Let r(z) = 5*z**2 - 40*z - 3. Determine r(7).
-38
Let y(o) = -o**3 - 23*o**2 - 59*o - 167. What is y(-20)?
-187
Let h(k) = -7*k**3 + 39*k**2 + 13*k - 35. Calculate h(5).
130
Let d(j) = -93*j + 2522. Give d(27).
11
Let s(x) = -x**3 + 17*x**2 - 16*x + 2. What is s(16)?
2
Let j(v) = v**2 - 715*v - 6514. Determine j(-9).
2
Let x(u) = 56*u - 5698. Determine x(102).
14
Let h(g) = 8*g**3 + 4*g**2 - 6*g - 4. Calculate h(-2).
-40
Let t(r) = 330*r + 1306. Determine t(-4).
-14
Let u(n) = -122*n**3 - n**2 - 4*n - 3. Calculate u(-1).
122
Let d(b) = -238*b + 550. What is d(3)?
-164
Let d(r) = -101*r - 2623. Calculate d(-26).
3
Let y(k) = -13*k - 721. Give y(-59).
46
Let c(k) = -k**2 - 25*k + 49. Determine c(2).
-5
Let h(m) = -2*m**2 - 18*m - 10. What is h(-3)?
26
Let m(g) = g**3 + 16*g**2 + 46*g + 11. Give m(-12).
35
Let b(y) = -y**2 + 50*y + 927. Calculate b(64).
31
Let t(l) = 148*l + 2659. Calculate t(-18).
-5
Let n(y) = y**2 - 19*y - 644. Determine n(-18).
22
Let s(z) = -4*z**2 + 329*z - 380. Calculate s(81).
25
Let n(a) = -a**3 - 10*a**2 + 38*a - 93. Determine n(-13).
-80
Let m(q) = 6*q**3 - 180*q**2 + 2*q - 41. Give m(30).
19
Let f(v) = -2*v**3 - 130*v**2 + 852*v + 68. Give f(-71).
68
Let v(i) = 2203*i - 28644. Calculate v(13).
-5
Let q(l) = -3*l**3 - 87*l**2 - 2*l - 49. What is q(-29)?
9
Let k(f) = 1721*f - 13853. Calculate k(8).
-85
Let i(p) = 4*p**2 - 21*p + 5. Calculate i(5).
0
Let s(f) = 1695*f - 3370. Calculate s(2).
20
Let m(l) = -9*l**3 - 65*l**2 + 55*l + 34. Calculate m(-8).
42
Let v(a) = -2*a**3 - 466*a**2 + 33*a + 7690. Calculate v(-233).
1
Let l(o) = o**3 + 11*o**2 - 13*o - 179. Determine l(-10).
51
Let z(a) = 2*a**3 + 15*a**2 - 12*a + 24. Determine z(-8).
56
Let s(a) = -a**3 - 14*a**2 + 53*a + 23. What is s(-17)?
-11
Let l(j) = -4642*j + 106761. Calculate l(23).
-5
Let z(m) = 63*m**2 - 3972*m + 187. Give z(63).
-2
Let p(h) = -23*h - 65. Give p(-5).
50
Let w(u) = 1053*u - 3. Calculate w(0).
-3
Let l(n) = 4*n - 148. What is l(35)?
-8
Let q(z) = 3*z**2 + 2*z - 85. Determine q(-10).
195
Let k(h) = 18*h - 964. What is k(53)?
-10
Let n(b) = -33*b - 166. Calculate n(-9).
131
Let r(a) = 148*a + 333. Give r(-2).
37
Let y(f) = -3*f**2 + 3*f + 71. What is y(6)?
-19
Let q(r) = -r**3 - 149*r**2 + 6654*r - 1111. Calculate q(-185).
-1
Let c(g) = 2*g**3 - 2*g**2 - 67*g + 251. Give c(4).
79
Let c(j) = j**2 + 212*j + 5464. Calculate c(-30).
4
Let k(l) = 6*l**3 - 22*l**2 - 7*l + 15. Determine k(5).
180
Let j(x) = -x**2 - 26*x - 168. What is j(-8)?
-24
Let j(v) = -3*v**3 + 8*v**2 + 3*v - 25. What is j(2)?
-11
Let x(r) = -r**3 - 9*r**2 - 9*r + 74. Determine x(-6).
20
Let m(k) = k - 27. Calculate m(21).
-6
Let l(q) = 28*q**2 - 25*q + 7. What is l(1)?
10
Let a(c) = -c**3 - 9*c**2 + 5*c + 109. What is a(-8)?
5
Let o(x) = x**3 - 12*x**2 + 40*x + 31. Give o(7).
66
Let a(c) = 16*c**2 + 2*c - 3. Determine a(-3).
135
Let d(c) = -380*c + 809. Calculate d(3).
-331
Let v(a) = 63*a + 2189. Give v(-35).
-16
Let q(n) = n**3 + 19*n**2 + 72*n + 1373. Give q(-19).
5
Let l(x) = 86*x - 1019. What is l(13)?
99
Let g(r) = -r**3 - 11*r**2 - 23*r - 18. Determine g(-8).
-26
Let s(n) = n**3 + 8*n**2 - 59*n - 197. Determine s(-10).
193
Let n(w) = w**3 - 17*w**2 + 56*w + 3. What is n(6)?
-57
Let l(y) = 67*y**2 + 1072*y - 3. Calculate l(-16).
-3